4*d. Let y(j) = 18*j - 33*j + 19*j - p. Give y(m).
-13
Let n(g) = -g + 15. Let x be n(4). Let i = x + -6. Suppose -1 = i*d - 4*k + 11, 0 = d + k + 6. Let r(b) = -b - 1. Calculate r(d).
3
Suppose -v - 10 = 5*s + 3*v, 4*v = 3*s - 26. Let p(g) = -s*g**2 - 2 + 8*g**2 + 2 + 1. What is p(-1)?
7
Suppose -2*k - 9 = -45. Let p = k + 19. Let q(g) = -35 - g**2 + g + 69 - p. What is q(5)?
-23
Suppose 255 - 259 = -2*p. Let x(s) = -16 - s**p - 2*s - 14 + 30. Give x(-1).
1
Suppose 69 = -w + 128. Suppose -5*q = w - 79. Let y(r) = 1 + 9*r - 4*r**2 + q*r - 11*r. Give y(-1).
-5
Let k(f) = -f**3 - 4*f**2 + 8*f + 7. Suppose d = 5*s + 26, 2*s = 4*s - d + 8. Calculate k(s).
31
Let q be -8*(((-60)/(-8) - -2) + 36/(-4)). Let s(b) = 2*b**2 - 8*b - 4. Let o(f) = f**2. Let w(n) = -3*o(n) + s(n). Give w(q).
12
Let k be (10 + 3)/(39/(-6) - -7). Suppose -30*s + k*s = -32. Let u(v) = v**2 - 8*v - 9. Determine u(s).
-9
Let d(n) = 52*n. Let g(k) = -53*k - 32. Let r(w) = d(w) + g(w). What is r(12)?
-44
Let r(b) = b**3 - 8*b**2 + 8*b - 42. Let t(i) = 1453*i - 1445. Let y be t(1). What is r(y)?
22
Let h(l) be the third derivative of -l**4/24 - l**3/3 - 2*l**2. Suppose -3*d + 4*b - 1097 = 0, 2*b + 9 - 1 = 0. Let p = d - -374. Give h(p).
-5
Let h(f) be the first derivative of -f**3/3 + 2*f**2 - 5*f + 1877. Calculate h(5).
-10
Let h(l) be the third derivative of -11*l**4/8 - 149*l**3/6 + 24*l**2 + 2*l - 25. Determine h(-5).
16
Let r(h) = 14*h + 36. Let d(n) = -n - 3. Let w(v) = -78*d(v) - 6*r(v). Determine w(4).
-6
Let o(v) = v**3 + 7*v**2 - 6*v - 8. Let s = 62 - 61. Let n be (-426)/54 - s/9. Calculate o(n).
-24
Let a = -61 + 58. Let f be 0/((a - 1)*-1). Let i(o) = 0 + 3*o**2 - 2*o**2 + 0 + 3. Give i(f).
3
Let t = 2944 + -2944. Let q(a) = a**3 + a**2 - 32. Determine q(t).
-32
Suppose -5*i - 16 = -s, s + 0*s - 4 = i. Suppose 5*d - 4 = -3*x + s, 5*x = 3*d - 37. Let z(l) = -l**3 + 7*l**2 - 5*l + 2. Calculate z(d).
30
Suppose 6*a = a + 15. Let d(y) be the first derivative of -y**5/120 - y**4/24 - 362*y**3/3 - 444. Let b(j) be the third derivative of d(j). Give b(a).
-4
Let n be (7 - 1)*(0 + 1). Let i(q) = 197*q**2 - 28*q + 5. Let d(t) = -230*t**2 + 34*t - 6. Let x(r) = -6*d(r) - 7*i(r). What is x(n)?
-11
Let i(h) = -3*h - 8. Let o(r) = -4*r - 7. Let y(d) = 7*i(d) - 6*o(d). Suppose 130*f = 872 - 123 + 31. Give y(f).
4
Let i(k) = -k + 5. Let j = -280 + 280. Let o be (85/17)/(-1 - j/(-1)). Give i(o).
10
Let x(f) be the third derivative of 3*f + 2*f**2 - 1/3*f**3 + 1/8*f**4 - 1/120*f**6 + 0 + 1/20*f**5. Give x(3).
7
Suppose 32*l + 0*l + 32*l + 192 = 0. Let b(w) = w**2 - w. Let f(t) = 4*t**2 - 7*t - 2. Let g(y) = 6*b(y) - f(y). Calculate g(l).
17
Let u(v) = -5*v**2 + 37*v - 11. Suppose -12 = -3*b + i + 16, -4*b = -7*i - 77. What is u(b)?
3
Let c = 654 + -652. Suppose 2*o = 2*k + 2*k + 2, c*k = 2*o + 4. Let j(h) = -3 - 3*h**2 + 2*h + 5 - h - h**3. Give j(k).
-1
Let j(k) be the first derivative of -7/120*k**5 - 5/24*k**4 + 0*k**2 + 0*k - 9 + 1/360*k**6 + 7*k**3. Let o(a) be the third derivative of j(a). Give o(7).
-5
Let g(l) be the third derivative of -l**6/120 - l**5/15 + l**4/8 - 5*l**3/6 - 2*l**2. Let h(c) = 2*c**2 - 57*c + 365. Let t be h(10). Give g(t).
5
Suppose 0 = 3*m - 3*i - 60, -2*m - 29 + 74 = 3*i. Let j(t) = -36*t + m*t - 4 + t**3 - 1 + 6*t**2 - 2 + 5*t. Suppose v + 2 = -5. Determine j(v).
14
Let b(s) = -2*s - 2*s**2 + 41 - s**3 - 6 - 13*s**2 - 24. Calculate b(-15).
41
Let n(w) be the second derivative of 5*w + 0 + 3*w**2 + 4/3*w**3 - 1/12*w**4. Determine n(8).
6
Let z(c) = -281*c - 266. Let o be z(-1). Let l(x) = -4*x + 48. Give l(o).
-12
Let s = -22361 - -22349. Let d(o) = 22*o + 269. Give d(s).
5
Suppose 0 = 5*s - 5*n + 80, -4*n = 4*s - 36 + 100. Let k(z) = z**3 + 17*z**2 + 13*z - 14. Calculate k(s).
34
Let w be (-10)/(-3) - 9/27 - -1. Suppose 3*f + 2 = -5*c - 12, -w*c = -3*f + 22. Let z(o) = 12*o - 3. Let s(h) = -h + 2. Let m(b) = 2*s(b) + z(b). Give m(f).
21
Suppose -17*o - 15 = 121. Let j(i) = -5*i - 52. Calculate j(o).
-12
Let f(r) = -r**2 - 40*r + 182. Let w be f(4). Let t(a) be the second derivative of -a**5/20 + a**4/3 + 7*a**3/6 + a**2 - 19*a. Determine t(w).
-28
Let p(g) = -93 + g**3 + 222 - 127 - 20*g - 7*g - 11*g**2. Calculate p(13).
-11
Suppose 5*u + 2*u = 266. Let j be ((-95)/u)/(10/8). Let x(r) = -5*r - 1. What is x(j)?
9
Let x(c) be the second derivative of c**5/20 + c**4/12 + c**3/6 - 105*c**2/2 - 69*c + 34. Determine x(0).
-105
Let r = -216 + 224. Let h(l) = 28*l - 7*l + 1 - r*l - 5*l. Determine h(2).
17
Suppose 13*x - 5*x - 20*x = 72. Let n(d) = d**3 + 5*d**2 - 6*d + 8. Calculate n(x).
8
Let b(l) be the second derivative of -l**3 - 12*l**2 + l + 44. Calculate b(-4).
0
Let j(f) = f**3 - 11*f**2 + 25*f - 19. Suppose 0*t - 117 = -t - 12*t. What is j(t)?
44
Let a(z) be the second derivative of 7*z**4/12 + 8*z**3/3 - 3*z**2 + 95*z + 9. What is a(-4)?
42
Let w be (1 - -16) + 363 + -374. Let i(z) be the first derivative of 1/3*z**3 + 14 - 7/2*z**2 + w*z. Calculate i(7).
6
Suppose -6*z - 2*z = 0. Let o(f) = f + 1. Let g be o(z). Let q(c) = -3*c + 1 + g - 5 + 2*c. What is q(-4)?
1
Let v(t) = -5*t - 1. Let u(i) = i + 11. Suppose f = 5*p + 17, 0*p + 4*p = -f - 10. Let b be u(p). Suppose -2*q + b = 10. Give v(q).
4
Let p(w) = -w**2 + 19*w - 79. Suppose -2*u = 6, -2*k + 30*u + 38 = 26*u. Give p(k).
-1
Let w(g) = -g**3 - g**2 + 2*g + 3. Suppose -43*c + 157*c = 192 + 36. Calculate w(c).
-5
Let t(f) = 7*f + 5. Let j(k) = -15*k - 10. Let i(l) = -6*j(l) - 13*t(l). Let c be 6/4*64/((-64)/4). Calculate i(c).
1
Let r(y) = -38*y + 77. Let u be 505/(-909) + (-69)/(-27). Calculate r(u).
1
Let j(i) = -3*i**2 - 48*i - 34. Let v be j(-15). Let p(u) = -u**2 - 5*u**2 + 0*u**2 + v*u**2 + u**3. Determine p(-4).
16
Let s be (-72)/(-45) + 664/160*-4. Let d(k) = -k**3 - 17*k**2 - 28*k + 5. Give d(s).
-25
Suppose -131*u = -135*u + 6*k + 110, -u - 44 = 5*k. Let x(v) = 2*v - v - 16 - 10. Determine x(u).
-15
Let r(l) = -6*l**2 + 2*l + 6. Let z(p) = -13*p**2 + 5*p + 15. Let f(q) = -7*r(q) + 3*z(q). Give f(2).
17
Let t(q) be the third derivative of -1/24*q**4 - 7/3*q**3 - 34*q**2 + 0*q + 3. What is t(-7)?
-7
Let a(c) = 4*c**2 - 114*c + 167. Let t be a(27). Let x(j) = -j**3 + 3*j + 0*j - 4 + 5*j**2 - 3 - 5*j. Determine x(t).
-17
Let d(w) = -w**3 - w - 1. Let t(b) = -5*b**3 + b**2 - 12*b - 8. Let i(f) = 6*d(f) - t(f). Let l be i(-3). Suppose 5*h = -l + 17. Let p(c) = -2*c - 3. Give p(h).
-9
Let x(d) = d**3 + 3*d**2 + 4*d + 4. Let w(i) = -i**3 - i**2 + 10*i + 9. Let r = 56 + -92. Let z be 174/290 - (-5)/(50/r). Let q be w(z). Give x(q).
-8
Let p(w) = 2*w**2 - 4*w + 1. Suppose i + k = 4 + 3, 3*i - 17 = -5*k. Let f = -8 + 11. Suppose i = 4*y - f. Give p(y).
7
Let d(c) = 11*c**2 - 4*c - 67. Let m(h) = -6*h**2 + 3*h + 39. Let n(b) = -3*d(b) - 5*m(b). Give n(-2).
0
Let h(f) = -2 + 12*f - 2*f**2 - 29*f + 20*f. Let j = -198 - -200. Determine h(j).
-4
Let f = -4 + -1. Let a(l) = -261*l**2 - 6*l + 59211 - l**3 + 255*l**2 - 59206. Determine a(f).
10
Let i(l) be the first derivative of -l**2/2 - 10*l - 5493. Suppose -5 + 38 = -3*x. Give i(x).
1
Let d be (-58)/7 + (-4)/(-14). Let h(u) be the third derivative of -u**4/24 - u**3/2 + 5*u**2 - 50*u. What is h(d)?
5
Let i(n) = -7*n**3 + 12*n**2 + 7*n - 6. Let p(d) = 26*d**3 - 46*d**2 - 27*d + 23. Let m(z) = 23*i(z) + 6*p(z). What is m(1)?
-6
Let s(x) = -2*x**2 + 2*x. Let m = -23 - -24. Let h(j) = -7*j**2 + 15*j + 1. Let g(k) = m*h(k) - 3*s(k). Determine g(9).
1
Let j be ((-19)/38)/(1/(-118)). Suppose -5*v = 3*y - j, 0 = -y + 5*y + 3*v - 64. Let x(r) = -y*r + 27*r - 15*r. Give x(-2).
2
Let v(g) be the second derivative of -g**5/20 - g**4/12 - g**3/3 - 16*g**2 - 5*g + 126. What is v(0)?
-32
Let d(t) = 4*t**2 + 59*t + 249. Let w(m) = -m**2 - 15*m - 61. Let b(v) = 6*d(v) + 25*w(v). Determine b(-20).
-11
Let v(y) = -3 - 1 + 6 + 3*y - 7 + 25 - 3. Let c = -9 + 4. Calculate v(c).
2
Let r(h) = 5*h - 11 + 723861*h**2 - 723863*h**2 + 7. Give r(3).
-7
Let n be (-5 + 297/66)*0. Let z(a) = -3*a**2 + 4*a + 16. Let j(y) = 2*y + 0*y**2 + y**2 - 3*y - 1. Let d(l) = 4*j(l) + z(l). Give d(n).
12
Let t(w) = -w**2 + w - 23. Suppose s + 9130 = 9138. Determine t(s).
-79
Let r(o) = -o**3 - 8 + 4*o - 4*o + 18*o**2 + 5. Let s be 5 - -65*(164/20 - 8). Calculate r(s).
-3
Let a(d) = -2*d**2 + 